ulate b(49).
413
Let k(f) = 1201*f + 813082. What is k(-677)?
5
Let j(l) = -116*l**2 - 2959*l - 16787. Calculate j(-17).
-8
Let z(f) = -112*f**2 - 7724*f - 73. Calculate z(-69).
-349
Let t(i) = 1488*i - 34551. Calculate t(23).
-327
Let t(a) = 11367*a - 14288309. What is t(1257)?
10
Let t(l) = 2897753*l + 8693252. Calculate t(-3).
-7
Let v(b) = -1301*b - 352584. Determine v(-271).
-13
Let j(p) = p**2 - 283*p + 6307. What is j(23)?
327
Let n(j) = -3*j**3 - 43*j**2 + 305*j + 4453. Determine n(-14).
-13
Let o(a) = 339*a**2 - 139*a - 139. What is o(-1)?
339
Let m(p) = -63*p**2 - 246*p - 3. Calculate m(-4).
-27
Let p(g) = g**2 + 49*g - 32. Determine p(-48).
-80
Let u(b) = -b**3 + 28*b**2 - 953*b + 34580. Calculate u(32).
-12
Let q(v) = -v**3 - 37*v**2 + 180*v + 2001. Calculate q(-40).
-399
Let i(c) = c**3 - 852*c**2 - 20119*c + 148. Calculate i(-23).
10
Let d(o) = -6795*o - 27187. Determine d(-4).
-7
Let r(q) = 80*q**2 + 21683*q + 811. Calculate r(-271).
-2
Let f(k) = 2101*k**2 + 60932*k + 69. What is f(-29)?
-18
Let b(c) = 2*c**3 - 528*c**2 - 2. Calculate b(264).
-2
Let l(x) = -8*x**2 + 328*x + 87. Calculate l(42).
-249
Let d(c) = 143157*c + 9591513. Determine d(-67).
-6
Let r(y) = 173*y**2 + 3803*y + 3567. Determine r(-21).
-3
Let a(j) = 10*j**3 - 593*j**2 + 443*j - 15514. What is a(59)?
180
Let d(u) = -u**3 - 4*u**2 + 181*u + 138. What is d(12)?
6
Let i(u) = u**3 + 21*u**2 - 2194*u - 44304. Determine i(-20).
-24
Let v(p) = 642*p - 49363. Determine v(81).
2639
Let i(d) = -9688*d - 455336. What is i(-47)?
0
Let l(y) = 17997*y + 503920. Determine l(-28).
4
Let c(s) = -12*s**3 - 672*s**2 + 682*s + 67. Determine c(-57).
181
Let k(c) = -40212*c - 202304. Determine k(-5).
-1244
Let m(l) = l**3 + 610*l**2 + 6495*l - 1032. Give m(-11).
2
Let f(c) = c**2 - 34*c - 142. What is f(0)?
-142
Let v(q) = 13*q**2 + 1506*q + 4190. Give v(-113).
9
Let o(i) = -24*i**2 - 6476*i - 24508. Give o(-266).
-36
Let f(l) = l**2 - 6389*l - 108923. What is f(-17)?
-21
Let m(k) = 3*k**2 - 240*k + 1649. Give m(7).
116
Let q(s) = -343531*s + 1717653. Calculate q(5).
-2
Let h(i) = -i**3 - 29*i**2 + 154*i + 721. Determine h(-33).
-5
Let p(o) = -7488*o - 74821. Give p(-10).
59
Let s(c) = 1619*c**2 + 574746*c + 462. What is s(-355)?
107
Let k(p) = 316*p**2 - 15797*p - 245. Determine k(50).
-95
Let b(j) = j**3 + 13*j**2 - 408*j - 1544. Give b(-27).
-734
Let a(g) = -354*g - 7097. Give a(-16).
-1433
Let r(g) = 3*g**2 + 1099*g - 210. Determine r(0).
-210
Let z(i) = 21*i**2 - 11872*i + 23747. What is z(2)?
87
Let h(c) = -211*c - 17815. Give h(-89).
964
Let u(f) = -2105512*f - 4211021. What is u(-2)?
3
Let w(l) = -3801*l - 45749. Give w(-11).
-3938
Let a(r) = 101624*r + 6910441. Calculate a(-68).
9
Let o(t) = -234810*t - 3522169. Determine o(-15).
-19
Let v(h) = -1220*h + 109797. Determine v(90).
-3
Let f(h) = -3654*h - 120563. Determine f(-33).
19
Let w(i) = 87*i + 16839. Determine w(-187).
570
Let z(b) = -1527*b - 971250. Calculate z(-636).
-78
Let b(s) = -17*s**2 + 156*s - 15. Give b(6).
309
Let g(i) = -149*i + 12000. Calculate g(79).
229
Let k(m) = m**3 - 14*m**2 + 27*m - 29. Determine k(6).
-155
Let g(d) = -3*d**3 + 14*d**2 - 35*d + 29. What is g(8)?
-891
Let v(w) = 390*w - 12424. Calculate v(29).
-1114
Let s(f) = -10627*f + 701411. Give s(66).
29
Let b(a) = -8*a**2 - 639*a + 2. Calculate b(-79).
555
Let d(z) = 44670*z + 89392. What is d(-2)?
52
Let y(u) = -u**3 + 116*u**2 - 16*u + 257. Determine y(116).
-1599
Let z(f) = 323*f**2 - 24868*f - 209. Determine z(77).
22
Let p(o) = 4*o**2 + 238*o + 1596. Determine p(-36).
-1788
Let b(p) = -772*p + 126546. Calculate b(165).
-834
Let r(h) = -h**2 - 99*h - 1569. Determine r(-80).
-49
Let r(n) = 4089*n + 351570. Calculate r(-86).
-84
Let i(y) = 4955*y - 485649. Calculate i(98).
-59
Let s(p) = 557449*p - 4459589. Determine s(8).
3
Let c(i) = i**3 + 95*i**2 + 1076*i - 144. Determine c(-12).
-1104
Let x(f) = f**3 - 63*f**2 + f - 93. Determine x(63).
-30
Let a(u) = -2*u**3 + 719*u**2 - 64342*u - 325. Calculate a(168).
11
Let u(r) = -25*r**2 - 607*r - 1138. Give u(-2).
-24
Let t(b) = b**3 - 100*b**2 + 2482*b - 4790. Calculate t(38).
-2
Let i(j) = -4*j**2 - 3408*j - 10189. Calculate i(-3).
-1
Let h(a) = -a**3 - 32*a**2 + 53*a - 85. What is h(-34)?
425
Let b(u) = -7*u**2 - 38*u + 192. Give b(-6).
168
Let h(y) = 20983*y + 26669394. Give h(-1271).
1
Let o(q) = -49735*q - 49751. Give o(-1).
-16
Let a(l) = l**3 + 70*l**2 + 432*l + 76. Calculate a(-7).
139
Let s(u) = 2*u**3 + 94*u**2 - 528*u - 372. What is s(-52)?
44
Let c(f) = -f**2 + 289*f + 18928. Calculate c(-55).
8
Let p(b) = b**3 + 35*b**2 - 381*b - 11376. Determine p(-37).
-17
Let l(n) = 2498*n**2 + 472118*n - 770. Give l(-189).
-14
Let k(b) = -386*b**2 - 94582*b - 2958. Determine k(-245).
-18
Let z(m) = 647*m - 64044. Calculate z(99).
9
Let g(k) = 5*k**2 + 100767*k - 201531. Calculate g(2).
23
Let p(x) = 13*x**3 + 29*x**2 + 83*x + 59. Calculate p(-1).
-8
Let g(h) = 4167*h - 566722. What is g(136)?
-10
Let k(x) = 46*x**2 + 427*x + 910. Calculate k(-8).
438
Let f(s) = 3994*s + 51923. Determine f(-13).
1
Let l(r) = 12*r**3 + 118*r**2 - 26*r - 41. Determine l(-10).
19
Let x(d) = -397*d - 94879. Calculate x(-239).
4
Let o(g) = -2*g**3 + 141*g**2 - 469*g + 212. What is o(67)?
212
Let w(b) = 4*b**3 - 12*b**2 + 2*b + 9. What is w(9)?
1971
Let v(t) = -564*t**2 - 1112*t - 52. What is v(-2)?
-84
Let v(n) = -161067*n + 483251. Calculate v(3).
50
Let d(n) = n**2 + 268*n + 1288. Give d(-5).
-27
Let f(y) = -y**3 + 43*y**2 + 114*y - 5683. Calculate f(43).
-781
Let x(q) = -3292*q - 1968659. Calculate x(-598).
-43
Let a(x) = x**3 - 91*x**2 - 204*x + 4845. What is a(93)?
3171
Let d(s) = 700*s**2 + 7697*s + 3. What is d(-11)?
36
Let v(r) = -3*r**3 + 21*r**2 + 10*r + 99. Calculate v(8).
-13
Let g(r) = 8135*r + 16273. Calculate g(-2).
3
Let h(l) = 7*l**2 + 1696*l - 191838. Determine h(84).
18
Let y(c) = 7154*c + 30135. Determine y(-4).
1519
Let t(b) = -2*b**2 - 619*b + 76844. Give t(95).
-11
Let a(v) = 5*v**2 - 841*v + 34467. What is a(98)?
69
Let n(s) = -97737*s - 195447. Give n(-2).
27
Let g(m) = -881*m - 4779. Determine g(-7).
1388
Let z(a) = 4190*a - 829620. Give z(198).
0
Let q(x) = 464*x + 5897. What is q(-13)?
-135
Let g(y) = y**3 + 26*y**2 + 52*y - 66. Calculate g(-11).
1177
Let y(k) = 27685*k + 166277. Give y(-6).
167
Let i(k) = 2*k**3 + 318*k**2 + 625*k - 478. Calculate i(-157).
-7
Let c(g) = -g**3 - 10*g**2 - 33*g - 57. What is c(-9)?
159
Let t(q) = -3*q**3 + 310*q**2 - 109*q + 678. Determine t(103).
60
Let r(t) = -3*t**3 + 6*t**2 + 91*t + 382. Calculate r(-7).
1068
Let k(n) = -83878*n - 33299561. What is k(-397)?
5
Let d(m) = 2*m**3 - 390*m**2 - 410*m + 3836. Give d(196).
308
Let v(s) = 4310*s - 8737. What is v(2)?
-117
Let v(j) = -33*j**3 - 1380*j**2 + 269*j + 81. Calculate v(-42).
-633
Let i(r) = -1962*r + 41189. What is i(21)?
-13
Let u(c) = 6*c**3 - 727*c**2 + 147*c - 3110. Give u(121).
36
Let s(f) = -39022*f + 273173. Give s(7).
19
Let x(p) = -p**2 - 139*p + 4425. Calculate x(27).
-57
Let i(w) = -16161*w + 1454457. Calculate i(90).
-33
Let a(t) = -198*t + 32467. Calculate a(166).
-401
Let y(f) = 17*f**3 - 1648*f**2 - 90*f - 579. Determine y(97).
100
Let b(v) = -3*v**2 + 620*v - 1398. Calculate b(205).
-373
Let c(z) = -6*z**3 + 4727*z**2 + 688*z + 78783. What is c(788)?
-17
Let s(w) = w**3 - 5*w**2 - 48*w + 19. Give s(12).
451
Let l(z) = -175292*z - 2278785. Calculate l(-13).
11
Let w(j) = -4*j**2 - 2557*j + 129024. What is w(47)?
9
Let w(c) = 38*c**2 + 1870*c + 12525. Determine w(-8).
-3
Let f(i) = -3*i**3 - 2794*i**2 - 812*i + 110786. Determine f(-931).
-3
Let s(z) = -583070*z + 1166144. Determine s(2).
4
Let n(i) = i**2 + 55*i + 210. Calculate n(-35).
-490
Let b(y) = -11557*y + 335149. Determine b(29).
-4
Let z(o) = -1319*o - 51348. Calculate z(-39).
93
Let r(i) = -14383*i - 1236961. Give r(-86).
-23
Let y(n) = -1326077*n - 5304289. What is y(-4)?
19
Let q(x) = 67027*x - 536182. Calculate q(8).
34
Let z(k) = -k**3 + 22*k**2 - 126*k - 25. Determine z(11).
-80
Let h(b) = b**3 + 33*b**2 - 17*b - 125. Give h(-34).
-703
Let c(z) = z**3 - 1253*z**2 - 61189*z + 115704. Determine c(1300).
4
Let n(x) = -97*x**3 + 5333*x**2 + 122*x + 131. Determine n(55).
791
Let n(u) = 6*u**3 - 56*u**2 - 27*u - 8. Determi